 - (-15 - -23)) + -4 - 1?
-61
What is -47 + (47 - 11) - -40?
29
Calculate -630 - -634 - (9 + -1 + -32).
28
What is 5 + -2 + -6 - -54 - (32 + -55 - -18)?
56
What is 14 - (-136 + 4 - (-20 + -15))?
111
-10 - (-53 + 20 + 3) - -11
31
What is the value of -52 + 0 + -269 + 295?
-26
What is the value of (12 + -10 - (-1 + -43)) + -19 + 2?
29
(-22 + -43 - 47) + 76
-36
What is the value of 54 - (-13 - (-62 + -43))?
-38
(4 - (-26 - (-4 + -21))) + -61 + -4 + 0
-60
What is the value of 129 + -117 - (-1 + (-5 - -8) - (11 - 8))?
13
What is the value of 8 - (9 + 39 + -90)?
50
Calculate 71 + (-12 + 5 - (5 + -17 - -23)).
53
Evaluate 51 + 5 - (53 - 2).
5
What is the value of 9 - (-13 + 8 + (0 - -5) - -12) - -60?
57
Evaluate 10677 + -10842 + 2 + 1 + 8 + -1 + 2.
-153
7 + 4 + 5 + -4 + (34 - 31)
15
Calculate (196 - (290 - 66)) + 66 + -1.
37
What is the value of 12 - (-29 - (-34 + 18 - -33))?
58
What is -7 + (-1 - -7) + -5 + -1 + (-140 - -175)?
28
12 + 2 + -10 + 9 + (-6 - -3)
10
What is -363 - -383 - (-70 - -6)?
84
What is the value of 2728 - 2735 - (-5 - -3)?
-5
What is the value of -38 - (-16 - 30 - -50)?
-42
What is the value of -12 + 1 - ((-8 - -50) + -38)?
-15
Calculate -102 + 152 + 137 + -82.
105
What is (-2 - 24) + (0 - (-5 + 21)) + -1 + 8?
-35
What is (-1 - 11) + 20 + -19 - (-86 + 5) - 2?
68
What is the value of 2 + (2 - 5) + 10 - (-33 + 19 + -17)?
40
-23 - (-97 - (-118 + 110))
66
Evaluate (11 - -6) + (30 - 153) - (0 + 2 + -7).
-101
Calculate -103 + (2 - -3 - (-53 - (15 + -72))).
-102
What is the value of (-24 - -11) + 61 + (4 - -2)?
54
Evaluate 12 - (-2 - (-13 + (-15 - -15)) - 11).
12
Calculate (-8 - (-4 + (9 - -71))) + (88 - 82).
-78
Calculate 8 + -14 - (33 - (26 + 8)).
-5
Evaluate (-21 - (55 - 68)) + 4 + 126.
122
What is the value of 4 - -2 - ((-36 - 13) + 159)?
-104
What is -3 + -4 + 0 + 3 + 12 + -2?
6
Evaluate -30 + 26 - (44 + (-127 - -11)).
68
What is (164 + -169 - -10) + (5 - -1)?
11
What is -9 + (-24 - -48) - (0 - -13) - (77 + -1)?
-74
Calculate 530 + -564 - (-22 - (1 + -3)).
-14
What is (-10 - (-8 - -3)) + 16 + -18?
-7
Calculate 5 + 18 - 6 - (13 + 0 - (19 + -14)).
9
Calculate (-47 - (1 + (-1 - 1) - (-3091 - -3091))) + 8.
-38
Evaluate (213 - 96) + -130 + (110 - (-1 + 7 - 3)).
94
Evaluate -14 + 2 - ((9 + 11 - 4) + -43).
15
What is the value of -16 + -3 - ((17 - -4) + -20)?
-20
What is 27 + 2 - (25 + -15 + (-17 - -2))?
34
-22 + -43 + -25 + 50 + -29
-69
Evaluate 12 + (7 + (-12 - 8) - 7).
-8
-8 - (6 + (-12 - 2) - (83 - 67)) - -13
29
Evaluate 5 - (4 + -10 - -1 - (-27 - (-26 - -18))).
-9
Calculate (9 - (22 + -8)) + (-2 - -55) - (-21 + 9).
60
What is the value of 8 + -4 - (-24 + 3 - -90 - 6)?
-59
0 - (10 - (-2 + -5 + (-4 - -81)))
60
What is the value of 80 - (-102 + 61 + 47)?
74
What is 1 + (2 - 4) + -12 - (-20 - 3 - -22)?
-12
Evaluate (21 + -45 - -50) + -104 - 17.
-95
What is -74 - (-38 - (2 - -14))?
-20
What is -335 + 300 - (69 - 1) - -12?
-91
What is the value of -5 - (26 - (16 + 23 + -21)) - (79 + -1)?
-91
What is ((68 - 3) + 3 - (1263 + -1272)) + 9?
86
What is ((-36 - -18) + 25 - -18) + 20?
45
What is 57 - (33 - (-55 - -54))?
23
What is the value of 12 - (-17 + (-3 + 11 - 0))?
21
What is the value of -10 - (7 - 24) - (56 + -99)?
50
What is the value of 1 - 70 - (200 - (136 - -56))?
-77
Evaluate -55 - (-6 + 5 - (7 + 12)).
-35
Evaluate 68 - (-18 + (65 - (20 - 7)) + -17).
51
-15 + -2 - (727 + -632 + -31 + 0)
-81
Evaluate -94 + (-56 - -10) - -23.
-117
Evaluate 97 + (-7 + 17 - (-12 + 12 - -9) - 3).
95
What is the value of (3 - 3 - 5) + (94 - (78 + 12))?
-1
What is 11 + -31 - (34 + -85 - 35)?
66
Calculate 13 - -29 - 140 - (-13 + 3 - (-6 + -1)).
-95
What is the value of 8 + 3 + -2 + -185 + 162 + -45?
-59
What is (-49 - -3) + 21 + 2 - -82?
59
Calculate -303 + 316 - (-44 + -3 + 12).
48
Evaluate 13 + (7 + -28 - (-4 + -10 + 26)).
-20
Evaluate 79 + 33 - (12 + -12) - 35.
77
Calculate -2 + 2 + (-33 - 0) + 12 + 13 + 48.
40
-3 + 61 + (-2 - 9 - -4) + 1
52
Calculate 2 - ((-17 - (-27 - -16)) + 33).
-25
What is (1 + 22 - (-1172 - -1163)) + -120?
-88
What is 12 - (-11 + 28 - (-1 + -78))?
-84
What is 10 + 2 + (19 - 33) + (-1 - -9)?
6
2 + (-67 - -1) + -5 + 6 - (-2016 - -2021)
-68
Calculate 768 + -774 + (3 - 12).
-15
Calculate (0 + 6 - 0) + 21 + -24 + (9 - 19).
-7
What is the value of (-3 - (-34 - -13)) + -7 - 11?
0
-20 + (-4 - (-9 - 10)) + (27 - 2)
20
Calculate -20 + (10 - (4 + (11 - 6))) + -65.
-84
Evaluate 3 + -7 + (3 - -7) + -8.
-2
What is -4 + -43 + 56 + -7?
2
What is the value of (51 + -18 - (-7 + 17)) + -6?
17
What is 4 - (-100 + 21 + 29)?
54
What is the value of -1088 + 1142 + -68 + 2?
-12
What is the value of 37 + (0 + (11 + 0 - (-8 + 12)) - -6)?
50
Evaluate -6 + -46 + 41 + -41.
-52
What is -28 - -60 - 3 - (-6 - 8)?
43
What is -102 + 145 + -18 + (1 - -57)?
83
(2 - 0 - 1) + (135 - 136) + 42
42
What is 36 + (-33 + 3 + 9 - -8)?
23
What is the value of 13 - (6 - (8 + -4 - 7 - 2) - 18)?
20
9 - (-46 + (-36 - -9) + 15)
67
96 - (100 - 2 - -27)
-29
What is the value of 59 - (42 + -60 - -81)?
-4
Calculate -1834 + 1795 + -14 + -1 + -6.
-60
What is (85 - 33) + (-12 - -11) + -19?
32
What is 37 + -48 + -20 - (-3 - 46)?
18
Evaluate 7 + 32 + -8 + -2 + (-9 - 2).
18
What is 13 + 0 + (45 - 8) + -37 + 6?
19
What is the value of -43 + 40 + -11 + (3 - (-9 + 0))?
-2
Evaluate 0 - 4 - (21 - ((13 - 23 - 13) + 7)).
-41
Calculate -90 - (-93 + -16 - -45).
-26
Calculate 28 - (2 - (43 - (35 + -38))).
72
What is 0 - ((-5 - (15 + -44)) + 23)?
-47
Calculate 46 + (-15 - 19) + -19.
-7
-32 - (81 - 211 - -92)
6
-60 + 1 - (2939 - 2961)
-37
What is the value of (107 + -64 - 17) + -91?
-65
Evaluate -1 + -1 + -2 + -5 - (-643 + 782) - -14.
-134
What is the value of -6 - (-5 + (4 - 6 - 2))?
3
What is (60 + -44 - (-1 + (-6 - -14) - -2)) + -38?
-31
Calculate -215 + (106 - -86) + 10 + -1.
-14
Evaluate 7 + -6 - ((-3 - (-17 + 24)) + 2) - 112.
-103
What is -34 - ((-2 - 43) + -144 + 160)?
-5
What is the value of (72 + -48 - 90) + 122?
56
Evaluate (-235 - -678) + -383 - ((-2 - -1) + 10).
51
-2 - (9 + -3) - ((98 - 48) + -4)
-54
Evaluate (14 - (11 + -6) - 9) + (-1 - -56).
55
What is the value of (-53 + 109 - 18) + -4?
34
What is (-162 - -182) + (-14 - (21 + -4))?
-11
Evaluate 55 - (-42 + 88) - (69 + 4).
-64
(-537 + 573 - (3 - 1)) + -75
-41
-1 + (-45 - 8) + (-26 - -19) + 6 - 1
-56
47 - (69 + -16) - (62 + (-7 - -4))
-65
What is the value of -2 + -3 + 0 - (44 - (7 - (-21 + 25)))?
-46
Evaluate 115 - (-7 + 12 - -19 - (18 - 0)).
109
Calculate 56 + 14 + 14 + -14 + 6.
76
What is 341 + -381 - (2 - 48)?
6
Evaluate (17 - (38 + -22)) + (6 - 4 - -1).
4
What is 22 - (37 + -27 + -11)?
23
What is the value of 0 - -68 - (-189 + 205) - 5?
47
-17 - ((38 - (58 - 29)) + (-2 - 4) + 7)
-27
Calculate -170 + (-66 - -233) - (2 + 3 + -13).
5
Evaluate -78 - (-65 + (-39 - (-36 - 28))).
-38
Calculate -856 - -843 - (-7 + (-1 - -2)) - -11.
4
Calculate (17 - ((39 - 16) + 48)) + 13.
-41
Calculate -8 + -2 + (16 - (-17 + 4 + 9)).
10
Evaluate -22 + (2 - (-107 - -64)).
23
Evaluate 0 + -3 - (454 + -468) - (-17 - 3).
31
What is 8 + (-2 - (27 + -29)) + (-1 - -3) + -8?
2
What is -34 + (92 + -5 - 125)?
-72
(4 + -50 - 2) + (-84 - -87) - -9
-36
13 - (9 - 4) - (6 + -7 + -7)
16
Evaluate 47 - (-6 - (-34 + 8)).
27
Calculate (1 + 17 - (-2 + 18)) + -4 + -57.
-59
Evaluate -15 + (15 + (12 - 21) - -15).
6
What is the value of 11 + (-1 - (-20 - -53 - (-9 + 1) - 9))?
-22
1 - (70 - 55) - 6 - (-101 - -1)
80
What is (0 + 10 - (-85 - -84)) + -5 + 5?
11
Evaluate -23 - ((-2 - -2) + -5) - (27 - 23).
-22
What is (-8 - (-6 + 6) - -11 - -3) + 4?
10
Evaluate -48 - 46 - (-14 + -55).
-25
What is (2 - (2 - (-2 - -13))) + 292 + -221?
82
What is the value of 38 - (1 - -8 - (57 + -65 - (2 + -15)))?
34
Evaluate 16 - (-7 - (-3 + 2 - 11)) - -11.
22
Evaluate -121 + (-32 - -113) + -12 - (-1 + -1 + 14).
-64
What is the value of (18 - 36) + 88 - 34?
36
-14285 - -14145 - (-1 - 126)
-13
What is the value of 11 + 10 - (-33 - -47) - (-1 - 13)?
21
Calculate -1 + -20 + -20 + (58 - -11).
28
What is 7 + -12 + (12 - (8 + -14)) - (5 + -2)?
10
What is the value of -37 + 9 - (-83 + 41)?
14
7 + (9 - -17) + (5 - (-13 - -10))
41
What is the value of -89 + 95 - (4 + -13 + 4 - 29)?
40
Evaluate (-8 - -25) + -50 + 25 - 26.
-34
Evaluate 0 - -3 - 94 - (-7485 - -7468).
-74
Evaluate (-11 - (16 + -44)) + 2 - (57 - 26).